{"id":31,"date":"2019-05-16T11:58:35","date_gmt":"2019-05-16T09:58:35","guid":{"rendered":"https:\/\/franz-kahl.de\/?page_id=31"},"modified":"2020-04-09T13:38:15","modified_gmt":"2020-04-09T11:38:15","slug":"service","status":"publish","type":"page","link":"https:\/\/franz-kahl.de\/en\/service\/","title":{"rendered":"Service"},"content":{"rendered":"<div class=\"wpb-content-wrapper\"><p><\/p>\n<p>[vc_row bg_type=&#8221;image&#8221; parallax_style=&#8221;vcpb-default&#8221; bg_image_new=&#8221;id^611|url^https:\/\/franz-kahl.de\/wp-content\/uploads\/2019\/05\/header-service.jpg|caption^null|alt^null|title^header-service|description^null&#8221;][vc_column width=&#8221;1\/1&#8243;]<div class=\"ult-spacer spacer-69f4cd873e41a\" data-id=\"69f4cd873e41a\" data-height=\"450\" data-height-mobile=\"250\" data-height-tab=\"450\" data-height-tab-portrait=\"400\" data-height-mobile-landscape=\"250\" style=\"clear:both;display:block;\"><\/div>[\/vc_column][\/vc_row][vc_row bg_color=&#8221;#ffffff&#8221;][vc_column width=&#8221;1\/1&#8243;][vc_empty_space][vc_row_inner][vc_column_inner width=&#8221;1\/2&#8243;][vc_column_text]<\/p>\n<h1>Service<\/h1>\n<p>\u00dcber unseren zentralen Unternehmensstandort in Frankfurt am Main gew\u00e4hrleisten unsere mobilen Serviceeinheiten mit unserem geschulten und kompetenten Fachpersonal schnelle Reaktionszeiten bei den verschiedensten Service-, Wartungs- und Reparaturleistungen:<\/p>\n<ul>\n<li>Wartungen, auf Wunsch auch Wartungsvertr\u00e4ge mit regelm\u00e4ssigen Intervallen s\u00e4mtlicher Fabrikate<\/li>\n<li>Pr\u00fcfungen nach berufsgenossenschaftlichen Richtlinien<\/li>\n<li>Reparaturen s\u00e4mtlicher Hersteller nach verbindlichem Kostenvoranschlag<\/li>\n<li>qualifizierte Stahl und Schweissarbeiten<\/li>\n<li>Montagen und Demontagen<\/li>\n<li>Einweisung bei Neu- oder Altger\u00e4ten<\/li>\n<li>Bewertung Ihres Altger\u00e4tes<\/li>\n<li>Anfertigen von Sonderkonstruktionen, wie z.B. von Verfahrschienen<\/li>\n<li>Projektierung neuer Entsorgungskonzepte<\/li>\n<li>Beratung und Projektierung f\u00fcr den Umbau Ihrer bestehenden Anlage<\/li>\n<li>Aufarbeitung und Lackierung von Altger\u00e4ten &#8220;aus alt mach neu&#8221;<\/li>\n<\/ul>\n<p>[\/vc_column_text][\/vc_column_inner][vc_column_inner width=&#8221;1\/2&#8243;][vc_single_image image=&#8221;606&#8243; img_size=&#8221;full&#8221;][\/vc_column_inner][\/vc_row_inner][vc_empty_space][\/vc_column][\/vc_row][vc_row bg_color=&#8221;#f2f2f2&#8243;][vc_column width=&#8221;1\/1&#8243;][vc_empty_space][vc_row_inner][vc_column_inner][vc_empty_space][vc_column_text]Die wichtigsten Ersatzteile haben unsere Spezialisten zur schnellen Reparatur vor Ort immer im Fahrzeug, wobei weitere Ersatzteile aus unserem Zentrallager in Frankfurt im Normalfall innerhalb eines Tages geliefert werden k\u00f6nnen. Dort f\u00fchren wir in unserer Werkstatt auch umfangreichere nicht m\u00f6glich sind.<\/p>\n<p>Dar\u00fcber hinaus stehen wir Ihnen selbstverst\u00e4ndlich auch rund um DGUV und UVV f\u00fcr s\u00e4mtliche station\u00e4ren und mobilen Verdichtungsanlagen, Shredder, Hebeb\u00fchnen, Laderampen, Hubarbeitsb\u00fchnen, Fahrzeughebeb\u00fchnen, Ladebr\u00fccken, Kippb\u00fchnen und Weitere zur Verf\u00fcgung.<\/p>\n<h3>Wir freuen uns auf Ihre Herausforderung!<\/h3>\n<p>Kontaktieren Sie uns jederzeit gern per Telefon, Email oder Kontaktformular f\u00fcr eine pers\u00f6nliche Beratung und ein individuelles Angebot. In allen Bereichen werden Sie in uns den richtigen Ansprechpartner finden.[\/vc_column_text]<a href=\"https:\/\/franz-kahl.de\/kontakt\/\" target=\"_self\" class=\"button color-3 medium \" style=\"border-radius: 2px;\">Kontakt<\/a>[vc_empty_space][\/vc_column_inner][\/vc_row_inner][\/vc_column][\/vc_row]<\/p>\n<p><\/p>\n<\/div>","protected":false},"excerpt":{"rendered":"<p>[vc_row bg_type=&#8221;image&#8221; parallax_style=&#8221;vcpb-default&#8221; bg_image_new=&#8221;id^611|url^https:\/\/franz-kahl.de\/wp-content\/uploads\/2019\/05\/header-service.jpg|caption^null|alt^null|title^header-service|description^null&#8221;][vc_column width=&#8221;1\/1&#8243;][\/vc_column][\/vc_row][vc_row bg_color=&#8221;#ffffff&#8221;][vc_column width=&#8221;1\/1&#8243;][vc_empty_space][vc_row_inner][vc_column_inner width=&#8221;1\/2&#8243;][vc_column_text] Service \u00dcber unseren zentralen Unternehmensstandort in Frankfurt am Main gew\u00e4hrleisten unsere mobilen Serviceeinheiten mit unserem geschulten und kompetenten Fachpersonal schnelle Reaktionszeiten bei den verschiedensten Service-, Wartungs- und Reparaturleistungen: Wartungen, auf Wunsch auch Wartungsvertr\u00e4ge mit regelm\u00e4ssigen Intervallen s\u00e4mtlicher Fabrikate Pr\u00fcfungen nach berufsgenossenschaftlichen Richtlinien Reparaturen s\u00e4mtlicher Hersteller nach verbindlichem Kostenvoranschlag qualifizierte Stahl und Schweissarbeiten Montagen und Demontagen Einweisung bei Neu- oder Altger\u00e4ten Bewertung Ihres Altger\u00e4tes Anfertigen von Sonderkonstruktionen, wie z.B. von Verfahrschienen Projektierung neuer Entsorgungskonzepte Beratung und Projektierung f\u00fcr den Umbau Ihrer bestehenden Anlage Aufarbeitung und Lackierung von Altger\u00e4ten &#8220;aus alt mach neu&#8221; [\/vc_column_text][\/vc_column_inner][vc_column_inner width=&#8221;1\/2&#8243;][vc_single_image image=&#8221;606&#8243; img_size=&#8221;full&#8221;][\/vc_column_inner][\/vc_row_inner][vc_empty_space][\/vc_column][\/vc_row][vc_row bg_color=&#8221;#f2f2f2&#8243;][vc_column width=&#8221;1\/1&#8243;][vc_empty_space][vc_row_inner][vc_column_inner][vc_empty_space][vc_column_text]Die wichtigsten Ersatzteile haben unsere Spezialisten zur schnellen Reparatur vor Ort immer im Fahrzeug, wobei weitere Ersatzteile aus unserem Zentrallager in Frankfurt im Normalfall innerhalb eines Tages geliefert werden k\u00f6nnen. Dort f\u00fchren wir in unserer Werkstatt auch umfangreichere nicht m\u00f6glich sind. Dar\u00fcber hinaus stehen wir Ihnen selbstverst\u00e4ndlich auch rund um DGUV und UVV f\u00fcr s\u00e4mtliche station\u00e4ren und mobilen Verdichtungsanlagen, Shredder, Hebeb\u00fchnen, Laderampen, Hubarbeitsb\u00fchnen, Fahrzeughebeb\u00fchnen, Ladebr\u00fccken, Kippb\u00fchnen und Weitere zur Verf\u00fcgung. Wir freuen uns auf Ihre Herausforderung! Kontaktieren Sie uns jederzeit gern per Telefon, Email oder Kontaktformular f\u00fcr eine pers\u00f6nliche Beratung und ein individuelles Angebot. In allen [&hellip;]<\/p>\n","protected":false},"author":6,"featured_media":0,"parent":0,"menu_order":0,"comment_status":"closed","ping_status":"closed","template":"","meta":{"_exactmetrics_skip_tracking":false,"_exactmetrics_sitenote_active":false,"_exactmetrics_sitenote_note":"","_exactmetrics_sitenote_category":0,"footnotes":""},"class_list":["post-31","page","type-page","status-publish","hentry"],"_links":{"self":[{"href":"https:\/\/franz-kahl.de\/en\/wp-json\/wp\/v2\/pages\/31","targetHints":{"allow":["GET"]}}],"collection":[{"href":"https:\/\/franz-kahl.de\/en\/wp-json\/wp\/v2\/pages"}],"about":[{"href":"https:\/\/franz-kahl.de\/en\/wp-json\/wp\/v2\/types\/page"}],"author":[{"embeddable":true,"href":"https:\/\/franz-kahl.de\/en\/wp-json\/wp\/v2\/users\/6"}],"replies":[{"embeddable":true,"href":"https:\/\/franz-kahl.de\/en\/wp-json\/wp\/v2\/comments?post=31"}],"version-history":[{"count":140,"href":"https:\/\/franz-kahl.de\/en\/wp-json\/wp\/v2\/pages\/31\/revisions"}],"predecessor-version":[{"id":979,"href":"https:\/\/franz-kahl.de\/en\/wp-json\/wp\/v2\/pages\/31\/revisions\/979"}],"wp:attachment":[{"href":"https:\/\/franz-kahl.de\/en\/wp-json\/wp\/v2\/media?parent=31"}],"curies":[{"name":"wp","href":"https:\/\/api.w.org\/{rel}","templated":true}]}}

<div class="wpb-content-wrapper"><p></p>
<p>[vc_row bg_type=&#8221;image&#8221; parallax_style=&#8221;vcpb-default&#8221; bg_image_new=&#8221;id^611|url^https://franz-kahl.de/wp-content/uploads/2019/05/header-service.jpg|caption^null|alt^null|title^header-service|description^null&#8221;][vc_column width=&#8221;1/1&#8243;]<div class="ult-spacer spacer-69f4cd873e41a" data-id="69f4cd873e41a" data-height="450" data-height-mobile="250" data-height-tab="450" data-height-tab-portrait="400" data-height-mobile-landscape="250" style="clear:both;display:block;"></div>[/vc_column][/vc_row][vc_row bg_color=&#8221;#ffffff&#8221;][vc_column width=&#8221;1/1&#8243;][vc_empty_space][vc_row_inner][vc_column_inner width=&#8221;1/2&#8243;][vc_column_text]</p>
<h1>Service</h1>
<p>Über unseren zentralen Unternehmensstandort in Frankfurt am Main gewährleisten unsere mobilen Serviceeinheiten mit unserem geschulten und kompetenten Fachpersonal schnelle Reaktionszeiten bei den verschiedensten Service-, Wartungs- und Reparaturleistungen:</p>
<ul>
<li>Wartungen, auf Wunsch auch Wartungsverträge mit regelmässigen Intervallen sämtlicher Fabrikate</li>
<li>Prüfungen nach berufsgenossenschaftlichen Richtlinien</li>
<li>Reparaturen sämtlicher Hersteller nach verbindlichem Kostenvoranschlag</li>
<li>qualifizierte Stahl und Schweissarbeiten</li>
<li>Montagen und Demontagen</li>
<li>Einweisung bei Neu- oder Altgeräten</li>
<li>Bewertung Ihres Altgerätes</li>
<li>Anfertigen von Sonderkonstruktionen, wie z.B. von Verfahrschienen</li>
<li>Projektierung neuer Entsorgungskonzepte</li>
<li>Beratung und Projektierung für den Umbau Ihrer bestehenden Anlage</li>
<li>Aufarbeitung und Lackierung von Altgeräten &#8220;aus alt mach neu&#8221;</li>
</ul>
<p>[/vc_column_text][/vc_column_inner][vc_column_inner width=&#8221;1/2&#8243;][vc_single_image image=&#8221;606&#8243; img_size=&#8221;full&#8221;][/vc_column_inner][/vc_row_inner][vc_empty_space][/vc_column][/vc_row][vc_row bg_color=&#8221;#f2f2f2&#8243;][vc_column width=&#8221;1/1&#8243;][vc_empty_space][vc_row_inner][vc_column_inner][vc_empty_space][vc_column_text]Die wichtigsten Ersatzteile haben unsere Spezialisten zur schnellen Reparatur vor Ort immer im Fahrzeug, wobei weitere Ersatzteile aus unserem Zentrallager in Frankfurt im Normalfall innerhalb eines Tages geliefert werden können. Dort führen wir in unserer Werkstatt auch umfangreichere nicht möglich sind.</p>
<p>Darüber hinaus stehen wir Ihnen selbstverständlich auch rund um DGUV und UVV für sämtliche stationären und mobilen Verdichtungsanlagen, Shredder, Hebebühnen, Laderampen, Hubarbeitsbühnen, Fahrzeughebebühnen, Ladebrücken, Kippbühnen und Weitere zur Verfügung.</p>
<h3>Wir freuen uns auf Ihre Herausforderung!</h3>
<p>Kontaktieren Sie uns jederzeit gern per Telefon, Email oder Kontaktformular für eine persönliche Beratung und ein individuelles Angebot. In allen Bereichen werden Sie in uns den richtigen Ansprechpartner finden.[/vc_column_text]<a href="https://franz-kahl.de/kontakt/" target="_self" class="button color-3 medium " style="border-radius: 2px;">Kontakt</a>[vc_empty_space][/vc_column_inner][/vc_row_inner][/vc_column][/vc_row]</p>
<p></p>
</div>

<p>[vc_row bg_type=&#8221;image&#8221; parallax_style=&#8221;vcpb-default&#8221; bg_image_new=&#8221;id^611|url^https://franz-kahl.de/wp-content/uploads/2019/05/header-service.jpg|caption^null|alt^null|title^header-service|description^null&#8221;][vc_column width=&#8221;1/1&#8243;][/vc_column][/vc_row][vc_row bg_color=&#8221;#ffffff&#8221;][vc_column width=&#8221;1/1&#8243;][vc_empty_space][vc_row_inner][vc_column_inner width=&#8221;1/2&#8243;][vc_column_text] Service Über unseren zentralen Unternehmensstandort in Frankfurt am Main gewährleisten unsere mobilen Serviceeinheiten mit unserem geschulten und kompetenten Fachpersonal schnelle Reaktionszeiten bei den verschiedensten Service-, Wartungs- und Reparaturleistungen: Wartungen, auf Wunsch auch Wartungsverträge mit regelmässigen Intervallen sämtlicher Fabrikate Prüfungen nach berufsgenossenschaftlichen Richtlinien Reparaturen sämtlicher Hersteller nach verbindlichem Kostenvoranschlag qualifizierte Stahl und Schweissarbeiten Montagen und Demontagen Einweisung bei Neu- oder Altgeräten Bewertung Ihres Altgerätes Anfertigen von Sonderkonstruktionen, wie z.B. von Verfahrschienen Projektierung neuer Entsorgungskonzepte Beratung und Projektierung für den Umbau Ihrer bestehenden Anlage Aufarbeitung und Lackierung von Altgeräten &#8220;aus alt mach neu&#8221; [/vc_column_text][/vc_column_inner][vc_column_inner width=&#8221;1/2&#8243;][vc_single_image image=&#8221;606&#8243; img_size=&#8221;full&#8221;][/vc_column_inner][/vc_row_inner][vc_empty_space][/vc_column][/vc_row][vc_row bg_color=&#8221;#f2f2f2&#8243;][vc_column width=&#8221;1/1&#8243;][vc_empty_space][vc_row_inner][vc_column_inner][vc_empty_space][vc_column_text]Die wichtigsten Ersatzteile haben unsere Spezialisten zur schnellen Reparatur vor Ort immer im Fahrzeug, wobei weitere Ersatzteile aus unserem Zentrallager in Frankfurt im Normalfall innerhalb eines Tages geliefert werden können. Dort führen wir in unserer Werkstatt auch umfangreichere nicht möglich sind. Darüber hinaus stehen wir Ihnen selbstverständlich auch rund um DGUV und UVV für sämtliche stationären und mobilen Verdichtungsanlagen, Shredder, Hebebühnen, Laderampen, Hubarbeitsbühnen, Fahrzeughebebühnen, Ladebrücken, Kippbühnen und Weitere zur Verfügung. Wir freuen uns auf Ihre Herausforderung! Kontaktieren Sie uns jederzeit gern per Telefon, Email oder Kontaktformular für eine persönliche Beratung und ein individuelles Angebot. In allen [&hellip;]</p>
