{"id":811,"date":"2019-05-17T13:01:38","date_gmt":"2019-05-17T11:01:38","guid":{"rendered":"https:\/\/franz-kahl.de\/?page_id=811"},"modified":"2020-04-09T13:35:56","modified_gmt":"2020-04-09T11:35:56","slug":"kommunen","status":"publish","type":"page","link":"https:\/\/franz-kahl.de\/en\/kommunen\/","title":{"rendered":"Kommunen"},"content":{"rendered":"<div class=\"wpb-content-wrapper\"><p>[vc_row bg_type=&#8221;image&#8221; parallax_style=&#8221;vcpb-default&#8221; bg_image_new=&#8221;id^824|url^https:\/\/franz-kahl.de\/wp-content\/uploads\/2019\/05\/header-kommunen.jpg|caption^null|alt^null|title^header-kommunen|description^null&#8221;][vc_column width=&#8221;1\/1&#8243;]<div class=\"ult-spacer spacer-69f4e2403a72c\" data-id=\"69f4e2403a72c\" data-height=\"450\" data-height-mobile=\"250\" data-height-tab=\"450\" data-height-tab-portrait=\"400\" data-height-mobile-landscape=\"250\" style=\"clear:both;display:block;\"><\/div>[\/vc_column][\/vc_row][vc_row bg_color=&#8221;#ffffff&#8221;][vc_column width=&#8221;1\/1&#8243;][vc_empty_space][vc_row_inner][vc_column_inner width=&#8221;2\/3&#8243;][vc_column_text]<\/p>\n<h1>Kommunen<\/h1>\n<ul>\n<li>Als Partner vieler Kommunen in Deutschland arbeiten wir seit Jahren f\u00fcr L\u00e4nder und St\u00e4dte<\/li>\n<li>Wartungen an s\u00e4mtlichen Fabrikaten<\/li>\n<li>UVV &amp; DGUV Pr\u00fcfung s\u00e4mtlicher Verdichtungsanlagen und an vielen weiteren Maschinen<\/li>\n<li>Wir stehen parat f\u00fcr kleine und gro\u00dfe Reparaturen aber auch f\u00fcr komplette Renovierung Ihrer Beh\u00e4lter und Pressenbestands (Instandsetzung, Sandstrahlen, Lackieren, Pr\u00fcfen)<\/li>\n<li>Alle Pr\u00fcfberichte Ihrer Pressen auf Wunsch in unserem Kunden-Onlinebereich zur schnellen Auffindbarkeit<\/li>\n<li>Rahmenvertr\u00e4ge f\u00fcr Kommunen mit speziellen Konditionen<\/li>\n<li>Maschinenbau und Vertrieb<\/li>\n<li>Gro\u00dfes Portfolio an diversen Shredder und Verdichtungsanlagen und Zubeh\u00f6r<\/li>\n<li>Sonderbauten oder eigen Ausstattungsmerkmale sind kein Problem<\/li>\n<li>Lackierung in Ihrer Betriebsfarbe und Anbringung Ihrer Logoaufkleber auf Wunsch<\/li>\n<li>Rahmenvertrage oder Garantieerweiterung auf 24 Monate m\u00f6glich<\/li>\n<li>Spezielle Maschinen die mit und f\u00fcr Kommunen entwickelt wurden wie unsere Presse mit dem Ladel\u00f6ffel die meist in<\/li>\n<li>Betriebsh\u00f6fen eingesetzt wird<\/li>\n<\/ul>\n<p><strong><br \/>\nGilt f\u00fcr alle:<\/strong><\/p>\n<ul>\n<li>Wartungen, auf Wunsch auch Wartungsvertr\u00e4ge mit regelm\u00e4\u00dfigen Intervallen<\/li>\n<li>Pr\u00fcfungen (UVV, DGUV etc.) nach berufsgenossenschaftlichen Richtlinien<\/li>\n<li>Reparaturen s\u00e4mtlicher Fremdprodukte nach Kostenvoranschlag<\/li>\n<li>Aufarbeitung und Lackierung von Altger\u00e4ten &#8220;aus alt mach neu&#8221;<\/li>\n<li>Projektierung neuer Entsorgungskonzepte inkl. Stoffstrommanagement<\/li>\n<li>Anfertigen von ma\u00dfgeschneiderten Sonderkonstruktionen<\/li>\n<li>Inzahlungnahme von Presscontainern<\/li>\n<\/ul>\n<p>[\/vc_column_text]<a href=\"https:\/\/franz-kahl.de\/kontakt\/\" target=\"_self\" class=\"button color-3 medium \" style=\"border-radius: 2px;\">Vereinbaren Sie jetzt einen Termin<\/a>[\/vc_column_inner][vc_column_inner width=&#8221;1\/3&#8243;][vc_column_text]<\/p>\n<h3>Vereinbaren Sie heute noch einen kostenlosen Beratungstermin<\/h3>\n<p>Wir beraten Sie bei der Umsetzung und bei der etwaigen Anschaffung von Entsorgungstechnik.<\/p>\n<p>Ob Verdichtungsanlagen, Hub-Kipp-Vorrichtungen, Shredder und Absauganlagen, Verschiebeeinrichtungen wir haben die passende L\u00f6sung f\u00fcr Ihren Bedarf.<\/p>\n<p>Nat\u00fcrlich stehen wir auch danach mit unserem reaktionsschnellen Service f\u00fcr wiederkehrende Pr\u00fcfungen (UVV &amp; DGUV), Wartungen aber auch f\u00fcr Probleml\u00f6sungen gerne zur Seite.<\/p>\n<p>Oder rufen Sie uns einfach an <strong>069 79 15-0.<\/strong>[\/vc_column_text][\/vc_column_inner][\/vc_row_inner][vc_empty_space][\/vc_column][\/vc_row]<\/p>\n<\/div>","protected":false},"excerpt":{"rendered":"<p>[vc_row bg_type=&#8221;image&#8221; parallax_style=&#8221;vcpb-default&#8221; bg_image_new=&#8221;id^824|url^https:\/\/franz-kahl.de\/wp-content\/uploads\/2019\/05\/header-kommunen.jpg|caption^null|alt^null|title^header-kommunen|description^null&#8221;][vc_column width=&#8221;1\/1&#8243;][\/vc_column][\/vc_row][vc_row bg_color=&#8221;#ffffff&#8221;][vc_column width=&#8221;1\/1&#8243;][vc_empty_space][vc_row_inner][vc_column_inner width=&#8221;2\/3&#8243;][vc_column_text] Kommunen Als Partner vieler Kommunen in Deutschland arbeiten wir seit Jahren f\u00fcr L\u00e4nder und St\u00e4dte Wartungen an s\u00e4mtlichen Fabrikaten UVV &amp; DGUV Pr\u00fcfung s\u00e4mtlicher Verdichtungsanlagen und an vielen weiteren Maschinen Wir stehen parat f\u00fcr kleine und gro\u00dfe Reparaturen aber auch f\u00fcr komplette Renovierung Ihrer Beh\u00e4lter und Pressenbestands (Instandsetzung, Sandstrahlen, Lackieren, Pr\u00fcfen) Alle Pr\u00fcfberichte Ihrer Pressen auf Wunsch in unserem Kunden-Onlinebereich zur schnellen Auffindbarkeit Rahmenvertr\u00e4ge f\u00fcr Kommunen mit speziellen Konditionen Maschinenbau und Vertrieb Gro\u00dfes Portfolio an diversen Shredder und Verdichtungsanlagen und Zubeh\u00f6r Sonderbauten oder eigen Ausstattungsmerkmale sind kein Problem Lackierung in Ihrer Betriebsfarbe und Anbringung Ihrer Logoaufkleber auf Wunsch Rahmenvertrage oder Garantieerweiterung auf 24 Monate m\u00f6glich Spezielle Maschinen die mit und f\u00fcr Kommunen entwickelt wurden wie unsere Presse mit dem Ladel\u00f6ffel die meist in Betriebsh\u00f6fen eingesetzt wird Gilt f\u00fcr alle: Wartungen, auf Wunsch auch Wartungsvertr\u00e4ge mit regelm\u00e4\u00dfigen Intervallen Pr\u00fcfungen (UVV, DGUV etc.) nach berufsgenossenschaftlichen Richtlinien Reparaturen s\u00e4mtlicher Fremdprodukte nach Kostenvoranschlag Aufarbeitung und Lackierung von Altger\u00e4ten &#8220;aus alt mach neu&#8221; Projektierung neuer Entsorgungskonzepte inkl. Stoffstrommanagement Anfertigen von ma\u00dfgeschneiderten Sonderkonstruktionen Inzahlungnahme von Presscontainern [\/vc_column_text][\/vc_column_inner][vc_column_inner width=&#8221;1\/3&#8243;][vc_column_text] Vereinbaren Sie heute noch einen kostenlosen Beratungstermin Wir beraten Sie bei der Umsetzung und bei der etwaigen Anschaffung von Entsorgungstechnik. [&hellip;]<\/p>\n","protected":false},"author":6,"featured_media":0,"parent":0,"menu_order":0,"comment_status":"closed","ping_status":"closed","template":"","meta":{"_exactmetrics_skip_tracking":false,"_exactmetrics_sitenote_active":false,"_exactmetrics_sitenote_note":"","_exactmetrics_sitenote_category":0,"footnotes":""},"class_list":["post-811","page","type-page","status-publish","hentry"],"_links":{"self":[{"href":"https:\/\/franz-kahl.de\/en\/wp-json\/wp\/v2\/pages\/811","targetHints":{"allow":["GET"]}}],"collection":[{"href":"https:\/\/franz-kahl.de\/en\/wp-json\/wp\/v2\/pages"}],"about":[{"href":"https:\/\/franz-kahl.de\/en\/wp-json\/wp\/v2\/types\/page"}],"author":[{"embeddable":true,"href":"https:\/\/franz-kahl.de\/en\/wp-json\/wp\/v2\/users\/6"}],"replies":[{"embeddable":true,"href":"https:\/\/franz-kahl.de\/en\/wp-json\/wp\/v2\/comments?post=811"}],"version-history":[{"count":11,"href":"https:\/\/franz-kahl.de\/en\/wp-json\/wp\/v2\/pages\/811\/revisions"}],"predecessor-version":[{"id":978,"href":"https:\/\/franz-kahl.de\/en\/wp-json\/wp\/v2\/pages\/811\/revisions\/978"}],"wp:attachment":[{"href":"https:\/\/franz-kahl.de\/en\/wp-json\/wp\/v2\/media?parent=811"}],"curies":[{"name":"wp","href":"https:\/\/api.w.org\/{rel}","templated":true}]}}

<div class="wpb-content-wrapper"><p>[vc_row bg_type=&#8221;image&#8221; parallax_style=&#8221;vcpb-default&#8221; bg_image_new=&#8221;id^824|url^https://franz-kahl.de/wp-content/uploads/2019/05/header-kommunen.jpg|caption^null|alt^null|title^header-kommunen|description^null&#8221;][vc_column width=&#8221;1/1&#8243;]<div class="ult-spacer spacer-69f4e2403a72c" data-id="69f4e2403a72c" data-height="450" data-height-mobile="250" data-height-tab="450" data-height-tab-portrait="400" data-height-mobile-landscape="250" style="clear:both;display:block;"></div>[/vc_column][/vc_row][vc_row bg_color=&#8221;#ffffff&#8221;][vc_column width=&#8221;1/1&#8243;][vc_empty_space][vc_row_inner][vc_column_inner width=&#8221;2/3&#8243;][vc_column_text]</p>
<h1>Kommunen</h1>
<ul>
<li>Als Partner vieler Kommunen in Deutschland arbeiten wir seit Jahren für Länder und Städte</li>
<li>Wartungen an sämtlichen Fabrikaten</li>
<li>UVV &amp; DGUV Prüfung sämtlicher Verdichtungsanlagen und an vielen weiteren Maschinen</li>
<li>Wir stehen parat für kleine und große Reparaturen aber auch für komplette Renovierung Ihrer Behälter und Pressenbestands (Instandsetzung, Sandstrahlen, Lackieren, Prüfen)</li>
<li>Alle Prüfberichte Ihrer Pressen auf Wunsch in unserem Kunden-Onlinebereich zur schnellen Auffindbarkeit</li>
<li>Rahmenverträge für Kommunen mit speziellen Konditionen</li>
<li>Maschinenbau und Vertrieb</li>
<li>Großes Portfolio an diversen Shredder und Verdichtungsanlagen und Zubehör</li>
<li>Sonderbauten oder eigen Ausstattungsmerkmale sind kein Problem</li>
<li>Lackierung in Ihrer Betriebsfarbe und Anbringung Ihrer Logoaufkleber auf Wunsch</li>
<li>Rahmenvertrage oder Garantieerweiterung auf 24 Monate möglich</li>
<li>Spezielle Maschinen die mit und für Kommunen entwickelt wurden wie unsere Presse mit dem Ladelöffel die meist in</li>
<li>Betriebshöfen eingesetzt wird</li>
</ul>
<p><strong><br />
Gilt für alle:</strong></p>
<ul>
<li>Wartungen, auf Wunsch auch Wartungsverträge mit regelmäßigen Intervallen</li>
<li>Prüfungen (UVV, DGUV etc.) nach berufsgenossenschaftlichen Richtlinien</li>
<li>Reparaturen sämtlicher Fremdprodukte nach Kostenvoranschlag</li>
<li>Aufarbeitung und Lackierung von Altgeräten &#8220;aus alt mach neu&#8221;</li>
<li>Projektierung neuer Entsorgungskonzepte inkl. Stoffstrommanagement</li>
<li>Anfertigen von maßgeschneiderten Sonderkonstruktionen</li>
<li>Inzahlungnahme von Presscontainern</li>
</ul>
<p>[/vc_column_text]<a href="https://franz-kahl.de/kontakt/" target="_self" class="button color-3 medium " style="border-radius: 2px;">Vereinbaren Sie jetzt einen Termin</a>[/vc_column_inner][vc_column_inner width=&#8221;1/3&#8243;][vc_column_text]</p>
<h3>Vereinbaren Sie heute noch einen kostenlosen Beratungstermin</h3>
<p>Wir beraten Sie bei der Umsetzung und bei der etwaigen Anschaffung von Entsorgungstechnik.</p>
<p>Ob Verdichtungsanlagen, Hub-Kipp-Vorrichtungen, Shredder und Absauganlagen, Verschiebeeinrichtungen wir haben die passende Lösung für Ihren Bedarf.</p>
<p>Natürlich stehen wir auch danach mit unserem reaktionsschnellen Service für wiederkehrende Prüfungen (UVV &amp; DGUV), Wartungen aber auch für Problemlösungen gerne zur Seite.</p>
<p>Oder rufen Sie uns einfach an <strong>069 79 15-0.</strong>[/vc_column_text][/vc_column_inner][/vc_row_inner][vc_empty_space][/vc_column][/vc_row]</p>
</div>

<p>[vc_row bg_type=&#8221;image&#8221; parallax_style=&#8221;vcpb-default&#8221; bg_image_new=&#8221;id^824|url^https://franz-kahl.de/wp-content/uploads/2019/05/header-kommunen.jpg|caption^null|alt^null|title^header-kommunen|description^null&#8221;][vc_column width=&#8221;1/1&#8243;][/vc_column][/vc_row][vc_row bg_color=&#8221;#ffffff&#8221;][vc_column width=&#8221;1/1&#8243;][vc_empty_space][vc_row_inner][vc_column_inner width=&#8221;2/3&#8243;][vc_column_text] Kommunen Als Partner vieler Kommunen in Deutschland arbeiten wir seit Jahren für Länder und Städte Wartungen an sämtlichen Fabrikaten UVV &amp; DGUV Prüfung sämtlicher Verdichtungsanlagen und an vielen weiteren Maschinen Wir stehen parat für kleine und große Reparaturen aber auch für komplette Renovierung Ihrer Behälter und Pressenbestands (Instandsetzung, Sandstrahlen, Lackieren, Prüfen) Alle Prüfberichte Ihrer Pressen auf Wunsch in unserem Kunden-Onlinebereich zur schnellen Auffindbarkeit Rahmenverträge für Kommunen mit speziellen Konditionen Maschinenbau und Vertrieb Großes Portfolio an diversen Shredder und Verdichtungsanlagen und Zubehör Sonderbauten oder eigen Ausstattungsmerkmale sind kein Problem Lackierung in Ihrer Betriebsfarbe und Anbringung Ihrer Logoaufkleber auf Wunsch Rahmenvertrage oder Garantieerweiterung auf 24 Monate möglich Spezielle Maschinen die mit und für Kommunen entwickelt wurden wie unsere Presse mit dem Ladelöffel die meist in Betriebshöfen eingesetzt wird Gilt für alle: Wartungen, auf Wunsch auch Wartungsverträge mit regelmäßigen Intervallen Prüfungen (UVV, DGUV etc.) nach berufsgenossenschaftlichen Richtlinien Reparaturen sämtlicher Fremdprodukte nach Kostenvoranschlag Aufarbeitung und Lackierung von Altgeräten &#8220;aus alt mach neu&#8221; Projektierung neuer Entsorgungskonzepte inkl. Stoffstrommanagement Anfertigen von maßgeschneiderten Sonderkonstruktionen Inzahlungnahme von Presscontainern [/vc_column_text][/vc_column_inner][vc_column_inner width=&#8221;1/3&#8243;][vc_column_text] Vereinbaren Sie heute noch einen kostenlosen Beratungstermin Wir beraten Sie bei der Umsetzung und bei der etwaigen Anschaffung von Entsorgungstechnik. [&hellip;]</p>
